48, -p*c - 4*w + 398 = 0. What is the tens digit of c?
3
Let z = 73 - 67. Let q be (-7)/(105/(-36)) + z/10. Suppose -2*u - 65 = -3*i - 164, q*u - i = 166. What is the tens digit of u?
5
What is the thousands digit of (-1792989)/(-264) + (-3)/(-8)?
6
Let s(d) = -d**3 - 7*d**2 - 8*d + 13. Let l be -2 + -1 - (7 + -2). Let g be s(l). Suppose 0 = 5*f - 411 + g. What is the tens digit of f?
5
Let b(f) = 2*f**2 + 21*f + 39. Let u be b(-12). Let m = 321 + u. What is the tens digit of m?
9
What is the thousands digit of 0/2 + ((-11388)/26)/((-3)/46)?
6
Let u(s) = 2*s**2 - 9*s - 46. Let g be ((-6)/4)/(2/(-28)). What is the tens digit of u(g)?
4
Let a(k) = 2*k**2 + 38*k + 4. Let z be a(-19). Suppose 0 = z*h - 1764 - 172. Let m = h - 331. What is the hundreds digit of m?
1
Let l(s) = s**2 + 5*s + 6. Let a(o) = o**3 + 11*o**2 + 6*o - 7. Let c be a(-10). Let b = c - 27. What is the units digit of l(b)?
2
Suppose 7*l = 4 + 10. What is the units digit of ((-6)/10 - (-11748)/30) + l?
3
Let g be -2 - 3*(-4)/3. Suppose -5*i = -15, 3*m - 24 = m + g*i. What is the units digit of m?
5
Let i(f) = -43*f. Let s(d) = 2*d - 32. Let k be s(17). Suppose -7*b = k*b + 27. What is the tens digit of i(b)?
2
Suppose 38*d - 3787 = -3*o + 39*d, 4*o = 4*d + 5044. Suppose 85 + o = 2*u. What is the tens digit of u?
7
Let f(j) = -3*j + 24*j - 208 + 195. What is the hundreds digit of f(11)?
2
Suppose -f + 4235 = b - 83, 5*f - 12948 = -3*b. What is the units digit of b?
1
Suppose 0 = -5*v - 2*z + 22974, -2*v + z - 18381 = -6*v. Let k(q) = q**2 + 3*q - 1. Let o be k(1). What is the hundreds digit of v/24 - (-1)/(-2) - o?
1
Let p(l) be the third derivative of -5/24*l**4 + 13/6*l**3 + 0 + l**2 + 0*l. What is the tens digit of p(-9)?
5
Let w = 0 - 6. Let d = w - -13. Suppose d*k = 6*k + 64. What is the tens digit of k?
6
Suppose 15*w - 168 = 12. Suppose -19*t = -w*t - 6783. What is the units digit of t?
9
Suppose 4*r - 2*r = 3*q - 5660, 2*q = -5*r + 3786. What is the units digit of q?
8
Suppose 44775 = 24*k - 53433. What is the tens digit of k?
9
Let z = -99 - -143. Suppose 0 = m + 4*y - z, y = 3*y. Suppose 2*n - 2*h - 78 = -n, -4*h = -2*n + m. What is the units digit of n?
8
Suppose -10360 = -7*z + 9478. Suppose 391 + z = 5*w. What is the units digit of w?
5
Suppose 0 = -18*o + 204357 + 222207. What is the hundreds digit of o?
6
Let h(l) = -3*l**3 + 4*l**2 + 9*l - 11. Let p be h(5). Let x = p + 242. What is the units digit of x?
1
Suppose -7*y + 27 = 6. Suppose -1515 = -4*u + k, -3*u + y*k - 550 = -1684. What is the hundreds digit of u?
3
What is the thousands digit of (7/14)/(2/(-64))*-620?
9
Let a(t) = 13927*t - 4913. What is the thousands digit of a(7)?
2
Suppose 30908 = -4*r + 3*u + 97118, r - 16527 = 5*u. What is the hundreds digit of r?
5
Let f = 106 + -91. Let k be 5/f + (-8)/6. What is the tens digit of k/(-3)*582*1/2?
9
Let x be ((-252)/(-105))/(8/(-10) + 1). Let u = x - -10. Let t = u - -63. What is the tens digit of t?
8
Let y(c) = 113*c + 34. Let m = -319 - -325. What is the units digit of y(m)?
2
Suppose 9978*b - 22352 = 9977*b. What is the ten thousands digit of b?
2
Suppose -3*f = 3*f - 12. Let a be 15/5*f/(-3). What is the tens digit of a/(-1)*75/12*10?
2
Let i be (-4)/(-8) - (-3)/2 - -742. Suppose 16*u - i = 13*u. Suppose -5*w + w = -u. What is the units digit of w?
2
Let d = 43 + -41. Let s(r) = -14*r**d + 3*r**3 - 8 - r**3 + 2*r**3 - 5*r**3 - 17*r. What is the tens digit of s(-13)?
4
Let i = 3504 - -8249. What is the hundreds digit of i?
7
Suppose -7 = 5*o - 22. Suppose 0*k + 666 = o*k. What is the units digit of k?
2
Suppose 5*o - 37 = -12. Let d = o + -1. Let q(y) = 14*y - 13. What is the tens digit of q(d)?
4
Suppose -24 = -3*i, -85218 = -2*x + 5*i + 25170. What is the units digit of x?
4
Let a = -262 + 283. Suppose -4*i - 2*d = -4289 - a, -1075 = -i + 2*d. What is the units digit of i?
7
Suppose -2*y = -4*y - 2*j + 1740, 0 = 2*y + j - 1741. Suppose g - 4*g = 3*i - 2661, i - y = -5*g. What is the units digit of i?
1
Let z(n) = 1214*n**2 - n**3 + 0*n**3 + 20*n + 6 - 1224*n**2. What is the tens digit of z(-14)?
1
Let t = -4 + 6. Suppose 3*x = t*z - 6*z + 4327, 0 = -3*z - 6. What is the tens digit of x?
4
Let z(y) = y**3 - 5*y**2 + 3*y - 13. Let i be z(5). What is the units digit of (-145*(-2 - -1) - 3)/i?
1
Suppose 2*u = -2*u + 2568. Suppose 0*a = -4*g - 2*a + u, -4*g - 4*a = -640. Suppose 4*w + v = 662, 5*w + 2*v + g = 6*w. What is the hundreds digit of w?
1
Let u(m) = -8 - m**2 + 12*m + 0*m**2 - 7. Let g be u(10). Suppose -g*d - 3*p + 371 = 0, 2*d - 7*p + 3*p = 138. What is the tens digit of d?
7
Let a = -20 - -21. Let m be (-1 + 2)/(244/(-242) + a). Let w = 212 + m. What is the tens digit of w?
9
Suppose -2*i = 19*i - 676851 - 133308. What is the units digit of i?
9
Let o(j) = j**2 + 3*j - 20. Suppose 5*m - 20 + 80 = 0. Let a be o(m). Suppose 0 = -5*i - 2*w + 96, -4*i + w = -3*w - a. What is the tens digit of i?
2
Let q be -2 + (0 - 5) + 9. What is the units digit of 66*5/20 - 5/q?
4
Let d(x) = 11*x**2 + 3*x - 5. Let m be d(1). Suppose 0 = 2*f + m*f - 4378. What is the tens digit of f?
9
Let h(u) = -9*u**3 + 3*u - 2*u**2 - 2 - 2 + 5 + 5*u**2. Let b be h(-1). What is the units digit of 78/(6 - 3) - b/5?
4
Suppose -5*c - 5*a - 3737 + 13002 = 0, -5*c + 2*a + 9279 = 0. Suppose -5*o + c = 3*q, 8*o = 7*o - q + 371. What is the hundreds digit of o?
3
Suppose -151*q + 339538 = -208894. What is the tens digit of q?
3
Let y(b) = 64*b - 141. Let f be y(18). What is the tens digit of 3 + (f - (-3 + 8))?
0
Suppose -40*h + 71 = -649. Suppose -h*w + 23*w = 3900. What is the tens digit of w?
8
Suppose -517104 = -116*n - 28*n. What is the tens digit of n?
9
What is the thousands digit of (-596559)/58*(-3 - (-7)/3)?
6
Let l(d) = 84*d**2 - 15*d - 135. What is the tens digit of l(15)?
4
Suppose 0 = -4*g + m + 1048, 5 = -2*m - 3. Suppose 0 = 3*i - j - 3547, -i - 4*j = -651 - 553. Suppose i = 5*o - g. What is the units digit of o?
9
Suppose -226833 + 122009 = -27*v + 1612538. What is the tens digit of v?
0
Suppose 0 = c - 73*t + 74*t - 25811, 4*c = -3*t + 103244. What is the hundreds digit of c?
8
Suppose -81*a + 449368 + 465851 = 0. What is the ten thousands digit of a?
1
Let l = 35915 - -12508. What is the units digit of l?
3
Let t(m) = 24*m + 6 - 80*m - 8 - 5. Let x be t(-4). Suppose 6*c + x = 13*c. What is the tens digit of c?
3
Let h(y) = -2*y + 114. Let d be 15*(((-16)/(-4))/(-12))/(-1). Let w be d/25 - 1/5. What is the tens digit of h(w)?
1
Suppose 120071 + 96577 = 12*t. What is the hundreds digit of t?
0
Suppose 5*i + 6*i = 5324. Suppose -2*v + i = 438. What is the units digit of v?
3
Let q(u) be the first derivative of 16*u**2 + 381*u - 211. What is the tens digit of q(9)?
6
Suppose 0 = -3*y + 1433 + 1597. Let z = 1676 - y. Suppose 3*n + z = 6*n + 3*j, -3*j = 4*n - 891. What is the hundreds digit of n?
2
Let c(o) = 3*o - 57. Let u be c(19). Suppose 7*k = -u*k - 21. What is the units digit of 4/k + 0 + 993/9?
9
Suppose 579 = -13*c - 227. What is the tens digit of 93/c*564/(-3 - -2)?
4
Let v(s) = s**3 - s**2 - 280*s - 59. What is the units digit of v(23)?
9
Suppose z - 621 = -2*z. Suppose 23*a - 285 = -3*l + 25*a, a = -3*l + 276. Let f = z - l. What is the units digit of f?
4
Let t = 242 - 434. Let o = 222 - t. What is the units digit of o?
4
Let z be (2794/(-66))/((-1)/6*2). What is the tens digit of -5 + (7 - 2 - 1) + z?
2
Suppose -203 = -4*z - 3*b, -5*b + 42 = 5*z - 213. Suppose 0 = -z*n + 42*n + 2520. What is the units digit of n?
5
Let r(a) = -2 - 4*a**3 - 5 + 14*a + a**3 - 12*a. What is the units digit of r(-3)?
8
Suppose 40750 = -372*a + 382*a. What is the thousands digit of a?
4
Let j = 17253 - 11199. What is the tens digit of j?
5
Let w(p) = p - 1. Let v(a) = 47*a - 34. Let s(b) = 4*v(b) - 44*w(b). What is the hundreds digit of s(6)?
7
Let y(o) = -38*o**3 + 20*o + 181. What is the ten thousands digit of y(-8)?
1
Suppose 4*o + 2*w - 7702 = 0, 4*o - w = 1783 + 5910. What is the hundreds digit of o?
9
What is the ten thousands digit of (4 - (-54)/(-12))/(637206/(-159300) - -4)?
1
Let j(x) = -x**2 + 19. Let y be j(4). Suppose 505 = i - 5*m, 8*i - 3*m - 2415 = y*i. What is the units digit of i?
0
Let r be (15/(-3))/(3/(-33)) + 1. Suppose -r + 1 = -5*g. Suppose -8*x = -g*